lculate s(8).
-44
Let y(n) = -n**3 + 123*n**2 + 1269*n + 1770. What is y(-8)?
2
Let h(r) = 4*r**3 - 3*r**2 - 3*r - 841. Calculate h(0).
-841
Let m(s) = s**2 + 448992*s - 3142987. Calculate m(7).
6
Let o(b) = -2*b**2 + 166*b + 1819. What is o(103)?
-2301
Let z(w) = 82*w - 17254. Determine z(218).
622
Let w(q) = -5*q**2 + 23362*q - 209854. What is w(9)?
-1
Let g(n) = -32*n**3 + 4*n**2 - 36*n - 111. Calculate g(-3).
897
Let n(i) = 2*i**3 - 6*i**2 + 316*i + 634. Determine n(-2).
-38
Let w(j) = -1406*j + 265634. Calculate w(189).
-100
Let j(u) = u**3 + 11*u**2 - 257*u + 199. What is j(11)?
34
Let n(z) = 79081*z + 34795642. Calculate n(-440).
2
Let b(h) = h**2 + 3073*h + 964750. What is b(-355)?
-140
Let y(s) = -915*s + 130178. Determine y(142).
248
Let n(b) = -b**3 + 14*b**2 - 64*b + 466. Calculate n(11).
125
Let j(p) = 11*p**3 - 46*p**2 - 156*p - 12. What is j(-5)?
-1757
Let x(r) = 18458*r + 276690. What is x(-15)?
-180
Let c(q) = 26808*q - 321603. Calculate c(12).
93
Let h(d) = -22419*d - 246601. Determine h(-11).
8
Let a(n) = n**3 - 147*n**2 + 310*n - 24030. Determine a(146).
-86
Let u(r) = 2*r**3 + 13*r**2 + 3646*r + 95215. Calculate u(-22).
-1
Let c(v) = 2*v**2 - 169*v + 2330. Give c(89).
3131
Let l(v) = -8*v**2 - 1030*v - 3754. Give l(-125).
-4
Let w(n) = -n**3 - 11*n**2 + 60*n. Calculate w(0).
0
Let n(k) = 4*k**3 - 193*k**2 + 735*k - 32973. Determine n(48).
3
Let z(w) = 344*w - 83713. What is z(244)?
223
Let b(q) = -q**3 - 43*q**2 + 728*q + 142. Determine b(-56).
142
Let y(s) = -208187*s - 1249136. Calculate y(-6).
-14
Let y(q) = 459*q - 16025. What is y(33)?
-878
Let k(q) = -305*q**2 - 2462*q - 2460. What is k(-1)?
-303
Let p(n) = 1361*n**3 + 75*n**2 - 307*n + 232. Determine p(1).
1361
Let g(z) = 3*z**3 - 751*z**2 - 1472*z + 29. Determine g(-2).
-55
Let b(x) = -x**3 - 66*x**2 - 747*x + 26. What is b(-13)?
780
Let m(d) = 2*d**3 + 18*d**2 - 674997*d - 5400101. Calculate m(-8).
3
Let h(b) = 104171*b + 729197. Determine h(-7).
0
Let a(l) = -5264*l + 115820. Give a(22).
12
Let f(q) = -1797*q + 77234. What is f(43)?
-37
Let d(w) = -80*w**3 - 36*w**2 - 247*w - 210. Determine d(-1).
81
Let v(o) = -14*o - 1453. Determine v(-77).
-375
Let s(c) = 25*c**2 + 14430*c - 146801. What is s(10)?
-1
Let s(a) = 7*a**2 - 80*a - 418. Calculate s(16).
94
Let m(v) = 113003*v + 3390072. What is m(-30)?
-18
Let t(n) = -n**3 - 218*n**2 + 3495*n + 6. Calculate t(-233).
6
Let j(k) = k**3 + 10*k**2 + 13941*k + 181735. What is j(-13)?
-5
Let o(l) = 13*l**3 - 130*l**2 - 46*l + 2150. Give o(6).
2
Let i(m) = m**3 - 4*m**2 - 8182*m + 24562. What is i(3)?
7
Let v(x) = 2*x**3 - 55*x**2 + 37*x - 418. Determine v(25).
-2618
Let p(q) = 8*q**3 - 1703*q**2 + 1504*q - 4222. What is p(212)?
18
Let m(v) = -7*v**2 - 186*v - 1. Give m(-28).
-281
Let t(h) = 9795*h + 979510. Give t(-100).
10
Let o(k) = -23*k**3 - 1611*k**2 - 76*k - 752. What is o(-70)?
-332
Let p(a) = -12*a**2 - 469*a - 2296. Determine p(-5).
-251
Let j(n) = -n**3 - 26*n**2 - 54*n + 226. What is j(2)?
6
Let k(i) = -i**2 - 277*i - 10952. Give k(-48).
40
Let t(q) = 8*q**3 - 146*q**2 + 643*q - 27. Calculate t(11).
28
Let s(j) = -21*j**2 - 24*j + 14. What is s(-4)?
-226
Let x(y) = 277*y - 1069. Calculate x(0).
-1069
Let m(d) = 2398*d - 71959. Calculate m(30).
-19
Let v(k) = k**3 - 194*k**2 + 568*k - 72397. What is v(193)?
-22
Let n(u) = u**3 + 54*u**2 + 159*u + 400. Determine n(-51).
94
Let a(v) = -9452*v + 1417809. Calculate a(150).
9
Let s(l) = l**2 - 23*l - 6496. Determine s(92).
-148
Let x(a) = -158*a - 10129. Calculate x(-64).
-17
Let j(x) = x**3 + 62*x**2 - 350*x - 742. Determine j(-67).
263
Let k(s) = s**3 - 78*s**2 - 44*s + 3468. What is k(78)?
36
Let t(z) = -476*z**3 + 6185*z**2 + 43*z - 49. Calculate t(13).
3
Let q(d) = 2932*d + 64576. Calculate q(-22).
72
Let d(t) = t**3 - 4*t**2 - 315*t - 1648. Determine d(-11).
2
Let t(q) = 30*q**2 - 1819*q - 729. Determine t(61).
-58
Let p(z) = 2*z**2 + 440*z - 168112. Determine p(200).
-112
Let g(h) = 83*h**2 - 6424*h - 19301. Calculate g(-3).
718
Let s(j) = -j**3 - 206*j**2 - 2067*j - 20866. Determine s(-196).
106
Let z(k) = -4*k**3 - 322*k**2 - 162*k - 355. Give z(-80).
-195
Let k(u) = 730*u**2 - 265739*u + 6911. What is k(364)?
-5
Let r(o) = 39411*o + 512222. Determine r(-13).
-121
Let g(x) = -x**3 - 249*x**2 + 478*x - 70066. Determine g(-252).
-10
Let b(g) = 20599*g + 2616064. Determine b(-127).
-9
Let s(q) = -8*q**3 + 2879*q**2 + 409*q - 17635. What is s(360)?
5
Let m(z) = -5*z**3 + 219*z**2 - 165*z + 105. Calculate m(43).
406
Let p(m) = 2946*m + 35210. What is p(-13)?
-3088
Let g(d) = -2*d**3 - 1668*d**2 - 35715*d + 285. Give g(-22).
-1
Let i(d) = 62608*d + 375666. Determine i(-6).
18
Let y(w) = 5483*w - 44595. Give y(8).
-731
Let n(t) = -92*t**2 + 2498*t + 32. Give n(27).
410
Let z(y) = -573801*y + 2869005. Calculate z(5).
0
Let h(j) = -29*j**2 + 3*j - 10. Calculate h(2).
-120
Let v(p) = p**3 - 17*p**2 - 1564*p - 89. Give v(-32).
-217
Let b(o) = 8*o**2 - 2034*o + 21749. Calculate b(243).
-121
Let m(v) = -v**2 - 179*v - 7872. Calculate m(-81).
66
Let y(s) = 877*s + 596360. Determine y(-680).
0
Let w(d) = 21*d**3 + 901*d**2 - 379*d - 12590. Determine w(-43).
9
Let a(x) = 99*x + 3824. What is a(-38)?
62
Let z(y) = 3*y**3 + 401*y**2 - 159*y - 3424. Determine z(-134).
-74
Let a(n) = 125*n**2 - 1369*n + 24. Calculate a(11).
90
Let m(p) = p**3 - 108*p**2 - 344*p + 1098. Determine m(111).
-123
Let q(s) = -2*s**2 + 189*s + 86866. What is q(261)?
-47
Let i(r) = r**3 - 57*r**2 - 67*r + 204. What is i(58)?
-318
Let j(q) = 28*q**2 - 1142*q - 679. What is j(41)?
-433
Let m(z) = z**3 - 39*z**2 + 101*z + 83. Give m(36).
-169
Let q(k) = -2*k**3 + 250*k**2 + 21147*k - 4702. Determine q(-58).
-4
Let u(s) = 1650*s - 589140. Give u(357).
-90
Let k(m) = 3*m**2 + 124*m + 498. Determine k(-37).
17
Let c(r) = r**3 - 158*r**2 - 988*r + 311. Calculate c(164).
-345
Let j(v) = -2*v**2 + 36*v + 345. Calculate j(25).
-5
Let v(j) = 2*j**3 - 227*j**2 + 6515*j - 7148. What is v(51)?
-8
Let s(y) = -9*y**2 + 132*y + 2867. What is s(-14)?
-745
Let q(b) = 810*b - 247776. Determine q(306).
84
Let a(r) = 2*r**3 - 21*r**2 + 13*r + 24. What is a(9)?
-102
Let k(i) = 60479*i - 241901. Calculate k(4).
15
Let g(q) = q**3 + 176*q**2 + 819*q + 22525. Determine g(-172).
-7
Let g(m) = -185*m - 6720. Determine g(-35).
-245
Let g(k) = -k**3 + 279*k**2 + 8*k - 2195. Determine g(279).
37
Let r(k) = -3110*k - 31086. Give r(-10).
14
Let k(q) = -6105*q - 109933. Determine k(-18).
-43
Let a(t) = t**3 - t**2 - 70*t + 2029. What is a(0)?
2029
Let x(s) = -4*s**2 + 2088*s + 38872. Determine x(-18).
-8
Let i(k) = k**3 - 3*k**2 + 251*k + 1826. Determine i(-6).
-4
Let j(r) = -3*r**3 + 2988*r**2 + 156896*r - 172. Give j(-50).
28
Let h(x) = 3466*x - 204511. Determine h(59).
-17
Let v(k) = -k**2 + 978*k - 9627. Give v(10).
53
Let w(a) = 5*a**3 + 342*a**2 + 5629*a + 3566. What is w(-42)?
-4
Let p(d) = 2*d**2 - 12*d - 65. Determine p(25).
885
Let b(w) = -2*w**3 + 18*w**2 + 97*w - 293. Calculate b(12).
7
Let a(w) = -w**2 - 406*w - 31299. Determine a(-105).
306
Let s(a) = 3*a**3 + 119*a**2 - 1038*a - 324. What is s(-47)?
-136
Let v(n) = 23*n**2 + 336*n + 63. Give v(-15).
198
Let g(r) = -39105*r + 156413. What is g(4)?
-7
Let d(f) = -2*f**3 + 16*f**2 - 45043*f + 135051. Give d(3).
12
Let r(k) = -1405*k - 4210. What is r(-3)?
5
Let l(w) = 30*w**2 - 15471*w - 4670. Calculate l(516).
-26
Let l(o) = -o**2 - 1125*o + 17061. What is l(15)?
-39
Let c(o) = -6*o**2 - 1256*o + 2112. Calculate c(-211).
2
Let b(q) = 1936*q + 147123. Calculate b(-76).
-13
Let l(t) = -2*t**2 - 724*t + 9719. Calculate l(13).
-31
Let z(u) = -3*u**3 + 335*u**2 - 8248*u - 155. What is z(75)?
-5
Let v(s) = 307*s + 29148. Calculate v(-95).
-17
Let u(z) = -2*z**3 - 49*z**2 - 50*z - 2541. Calculate u(-25).
-666
Let t(z) = -2337*z - 1021. What is t(-1)?
1316
Let x(h) = -h**2 - 3857*h - 2038226. Determine x(-632).
-26
Let m(h) = -4*h**3 + 10*h**2 + 245*h - 725. Give m(3).
-8
Let w(d) = 2*d**2 - 55*d - 739. Determine w(-29).
2538
Let i(h) = -6058198*h + 30290979. Give i(5).
-11
Let m(y) = 21*y**3 - 173*y**2 + 332*y. Determine m(3).
6
Let c(l) = -5*l**3 - 487*l**2 - 170*l + 2313. Determine c(-97).
-15
Let g(y) = -y**2 + 25133*y - 75382. Give g(3).
8
Let l(z) = -320*z - 2796. Calc